, 3 = -k*x. Let f(h) = -4*h - 8. Determine f(c).
8
Suppose -4*x = 4*l + 32, -8*x - 3*l - 12 = -6*x. Let f = 4 + x. Let y(s) be the first derivative of -s**3/3 - 4*s**2 + 6*s + 1. Calculate y(f).
6
Let w(m) = 10*m**3 - 5*m**2 + 252 + 6*m - m**2 + m + 2*m - 250 - 11*m**3. Suppose -5*b - 41 = 2*t, -3*b - 3*t = b + 37. Calculate w(b).
-12
Let a(t) = -t**3 - 3*t**2 + 4*t + 4. Let g(w) be the first derivative of -w**4/2 + 41*w**3/3 - 12*w**2 + 76*w + 133. Let v be g(20). Determine a(v).
4
Let b(w) be the first derivative of -2*w**3/3 - 5*w**2 + 12*w + 853. Give b(-6).
0
Let k(b) = -b**3 + 8*b**2 + 9*b - 6. Suppose -3 = -4*s + 2*u + 1, 0 = -2*s - 3*u + 18. Suppose -30 = -3*y + s*c, -3*y + 4*c + 29 = 2*c. What is k(y)?
-6
Let d(u) be the first derivative of -u**3/3 + 2*u**2 + 24*u - 313. Let f be d(8). Let q(i) = -i**2 - 9*i + 10. What is q(f)?
18
Let j(a) be the first derivative of -4*a + 1/4*a**4 - 7/3*a**3 - 1 + 1/2*a**2. Suppose -2*k - 39 = -5*n, n + 5 = 5*k + 22. Give j(n).
3
Let z(c) = 16*c - 40. Let r(w) = -2*w - 1. Let t(d) = -5*r(d) - z(d). Let s(g) = 3*g - 21. Let h(o) = 5*s(o) + 2*t(o). What is h(6)?
3
Let o(q) = -2*q**2 - 40*q + 179. Let t = -17379 + 17355. What is o(t)?
-13
Let c(d) = d + 2. Let s(y) = y + 19. Let p(h) = 4*c(h) - s(h). What is p(13)?
28
Let g(l) = 6*l + 84. Let t be g(-13). Let m(z) be the third derivative of 1/3*z**3 - 1/60*z**5 + 5/24*z**4 + 2*z**2 + 0*z + 0. What is m(t)?
-4
Let t be (-4)/6*18/(-12). Let h(y) = 2*y**3 + 303557*y - 303557*y + 1. Give h(t).
3
Let t(m) = m**3 - 8*m**2 + 8*m - 1. Let v(p) = 4*p - 19. Let j be v(6). Suppose j*x = 3 + 52. Suppose -3*b = -3, -3*a + b + 9 = -x. Calculate t(a).
6
Let p(k) = 33 + 9*k**2 + 5*k**2 - 3*k - 85 - 12*k**2 + 36. Calculate p(4).
4
Let w = -618 - -621. Let y(o) = -2*o**3 + 8*o**2 + 2*o - 2. Let b(r) = r**2 - 1. Let t(q) = -5*b(q) + y(q). Give t(w).
-18
Let p(i) = -3*i + 2 + 0 + i**2 + 6*i. Let o be -1 + -65 + 3 - (11 + -18). Let a be (o/(-70))/((-8)/40). Determine p(a).
6
Let f(p) = -4*p - 2. Suppose -v = 5*v - 30. Let k be f(v). Let c be 2/(-8)*(2 + k). Let x(t) = -3*t - 3. Give x(c).
-18
Let n(f) = -f + 3. Suppose -2*j + 3 = -5. Let t be (2 - (j + -2)) + 2 - 8. Let x be t/1 + 6/(-24)*-4. Determine n(x).
8
Let a(d) = -2*d**2 + 4*d - 2. Let w(g) = 2*g**2 - 3*g - 18. Suppose -t + 20 = 4*o, t = 3*o - 4*t + 8. Let f be w(o). Calculate a(f).
-2
Let h(c) = -11 + 118*c - 56*c - 17*c. Give h(1).
34
Let x(w) = 3*w - 10. Let l(h) = h**3 + 12*h**2 - 2*h - 20. Let p be l(-12). Suppose -t = -2*s - 1, -p + 12 = -3*s - 5*t. Let j = s - -8. Determine x(j).
11
Let u(x) = -14*x**2 + 6*x**2 + 2*x**3 + 9*x**2 - x**3 + 4. What is u(-4)?
-44
Let p(z) = -20*z**2 + 3*z - 374. Let a(j) = -7*j**2 + j - 124. Let b(y) = 8*a(y) - 3*p(y). Let d(t) be the first derivative of b(t). Give d(-2).
-17
Let v(a) = -4*a**3 + 9*a**2 - 12*a - 54. Let o(f) = 7*f**3 - 17*f**2 + 15*f + 110. Let q(j) = 3*o(j) + 5*v(j). What is q(7)?
4
Let c(h) = 0 + 13*h - 4 - h**2 - 5*h. Let p(z) = 38*z**2 + 269*z + 27. Let f be p(-7). What is c(f)?
8
Let j(q) = -q**2 - 11*q - 13. Let m = 916 + -659. Let d = m + -266. Give j(d).
5
Let g be (16/4)/((-30)/(-15)). Let m(a) = 68*a + 9*a**2 - 60*a + g - 5*a. Determine m(-2).
32
Let y(g) = 64*g**2 - 4*g + 17. Let c(f) = 128*f**2 - 9*f + 42. Let d(l) = 2*c(l) - 5*y(l). Determine d(1).
-63
Let t = 260 - 245. Let c(y) = 183*y - t - 93*y - 91*y. Give c(-8).
-7
Let x(r) = -6*r + 1. Let a be x(-7). Let s(f) = -17*f**3 + 2*f**2 + f. Let h be s(-1). Let y(u) = 0 + a*u + 5 - 24*u - h*u. Give y(-5).
0
Let p(i) = i**3 - i**2 + i - 1. Let n(g) = -3*g**3 - 4*g**2 + 6*g + 9. Let o(k) = n(k) + 2*p(k). Suppose -8*s - 2*s - 70 = 0. Calculate o(s).
0
Let z(t) = 5*t**2 - 6*t + 50. Let u be z(5). Let o = u + -165. Let a(n) = n + 24. Give a(o).
4
Suppose 11*x = 19 + 25. Suppose -r = -3*r - x, -2*r - 24 = -5*b. Let u(l) = -5*l**3 + 46*l + 6 - b - 50*l + 4*l**2. What is u(2)?
-30
Let t(y) be the first derivative of y**5/6 + y**4/24 + y**2/2 - 55*y - 7. Let p(c) be the second derivative of t(c). Calculate p(-1).
9
Let z(c) = c**3 + 2*c**2 - 2*c. Suppose -6*r = 189 + 105. Let h = r + 55. Suppose -9*q + h = -12*q. Determine z(q).
4
Let v(a) = -a**2 - 8*a - 9. Let u(l) = -2*l**2 - 60*l - 66. Let d be u(-29). Let n be v(d). Let q(f) = -f**2 - 10*f + 1. Give q(n).
10
Suppose -4*w = -9 - 3. Suppose -3*j + 9 = 3*t, -5*j + w*t + 15 = t. Let n(v) = 4*v**3 - v + v**2 - 5 - 2*v**3 - 2*v**2 - j*v**3. Give n(0).
-5
Let o(n) = -n**2 - 15*n - 20. Suppose -93*s + 130 = 967. Give o(s).
34
Let u(p) = 7*p - 1. Suppose 17 = 2*g + 9. Let r be g + (-2)/(-2) - 1*-2. Let l(q) = -10*q + 2. Let w(k) = r*u(k) + 5*l(k). What is w(6)?
-3
Let m = -7257 + 7259. Let z(d) = d**2 + 7*d - 21. Determine z(m).
-3
Let n(l) be the first derivative of 5*l**2/2 + 27*l + 1753. Calculate n(-7).
-8
Let i(t) = t**2 - 9*t + 31. Suppose 35*b - 78 = 167. Give i(b).
17
Let c(p) = p**2 - 25*p + 2. Let a be c(25). Suppose 4*d + 10 + 2 = 0. Let g be d*2 - (2 - a). Let k(z) = -2*z**2 - 10*z - 6. Give k(g).
-18
Suppose 52 = 7*w - 3*w. Let u(v) = v**3 - 24*v**2 - 18*v - 1. Let y(n) = 2*n**3 - 45*n**2 - 35*n. Let z(g) = -7*u(g) + 4*y(g). What is z(w)?
-6
Let u(f) = -f**3 - 7*f**2 + 7. Suppose 10 = c + 8. Suppose 3*n = c*y - 93, 5*n + 4*y - 3*y = -168. Let t = n - -26. What is u(t)?
7
Let p(c) = c - 6. Suppose -5*z = 20, 8*z + 6 = -5*h + 4*z. Suppose 3*g - k + h = 0, -4*g = -3*k - k - 8. Let r be (-3 - g)*1 - (-14 - -7). What is p(r)?
0
Suppose q - 25 - 5 = 0. Suppose 8 = 4*j + 3*w, -20 + q = 5*j - w. Let v(n) = -3*n - 6*n + 6*n - 2*n**2 + 2. Give v(j).
-12
Let w(o) = 35*o - 142. Let u be w(4). Let v(n) = 74 + n - 76 - 6*n**2 + 2*n**2. Determine v(u).
-20
Let x(m) = -9*m**3 - 12*m**2 + 10*m + 17. Let k(o) = -11*o**3 - 12*o**2 + 12*o + 18. Let l(j) = -5*k(j) + 6*x(j). What is l(12)?
12
Let f = 8291 - 8291. Let x(j) be the second derivative of f + 0*j**3 + 1/2*j**4 - 1/20*j**5 + 18*j + 0*j**2. Give x(6).
0
Let h(v) be the second derivative of v**3/2 - 34*v. Let n = -23 - -23. Suppose -3*k - 24 = -6*c + c, n = -5*c - 5*k. Determine h(c).
9
Let l(m) = 7*m**2 - 7*m + 8. Let p be (1822 - 1824)*(-6)/(-3)*1/(-4). Calculate l(p).
8
Let c(o) be the third derivative of -o**6/120 + o**5/12 - o**4/8 - o**3/2 - 680*o**2. What is c(2)?
3
Suppose 0 = 1824*l - 1821*l - 684. Let b = -227 + l. Let j(p) = 1 - 1 - 16*p**3 - 1. Calculate j(b).
-17
Let w(u) = 0*u**3 + u**3 + 0*u**3 - 6 + 11*u**2. Suppose 64*z = 69*z + 11*k, 5*z + 45 = -2*k. Calculate w(z).
-6
Suppose 3*k = -3*o + 24, 5 = -7*k + 12*k. Let u(q) be the second derivative of q**5/20 - 7*q**4/12 - q**3/2 - 3*q**2/2 + 59*q. Give u(o).
-24
Let o(q) = -q**3 + 52*q**2 + 56*q - 186. Let z be o(53). Let v(k) = -2*k - 54. Calculate v(z).
0
Let m(v) be the second derivative of v**4/12 + v**3/3 - 7*v**2/2 + 18*v + 22. Calculate m(-4).
1
Let z(n) be the third derivative of n**6/60 - 19*n**5/60 + 5*n**4/12 + 5*n**3/2 - 3*n**2 + n + 139. Calculate z(9).
24
Suppose -3*i + 36 = -800*p + 796*p, 0 = i + 4. Let o(s) = s**3 + 11*s**2 - 12*s + 14. Give o(p).
14
Suppose -4*i + 2 + 6 = 0. Let o(t) be the first derivative of -4 - t + 1/2*t**2. Determine o(i).
1
Let g be (-4 + 8/4)*-5. Let k = -8 + g. Let m(w) = -7*w**k + w**3 + 16*w - 11*w - 9 + 3*w. Determine m(6).
3
Let w = 114 + -72. Suppose 5*q + 2*d = 110, 3*d + 7 = -q + w. Let v(b) = -38*b + q*b + 15*b. Determine v(-2).
6
Let g(d) be the third derivative of d**5/30 + 3*d**4/4 - 2*d**3/3 + 2*d**2 + 1655*d. Calculate g(-9).
-4
Suppose 365 = -47*r + 553. Let z(w) = -3*w**3 + 5*w**2 - w - 5. Give z(r).
-121
Let j(w) = 2*w - 21. Let s(h) = -9*h**3 + 21*h**2 + 18*h - 1. Let c be s(-1). Give j(c).
1
Suppose 361*i - 377*i = 144. Let m(j) = -9*j - 64. Determine m(i).
17
Let i be 8 + -4 - (3 + -1). Suppose -2*h - l + 5 = 0, 3 = -5*l + i*l. Suppose h*j - 1 = -19. Let m(d) = -d**2 - 5*d + 1. Determine m(j).
-5
Let g be (-17 + 8)/9 + -350. Let u = -356 - g. Let k(d) = 3*d - 6. What is k(u)?
-21
Let o(t) = -5*t - 24. Let p = 9282 + -9277. Determine o(p).
-49
Suppose 2*g - 12 + 2 = -5*l, 4*g = 4*l - 36. Let s = -1205 - -1207. Let a(m) = 0*m**s + 4*m**2 + 0 + l*m - 2*m + 1. Determine a(2).
21
Suppose 4*l - 73*d + 75*d + 82 = 0, 0 = -l - 2*d - 10. Let h(z) = -z**2 - 10*z + 333. Determine h(l).
-3
Let q(z